 be (-4)/18 - 62/(-279). Suppose -2*t + 10*t - 104 = v. Suppose -t*f + 18 = -4*f. What is the highest common factor of 14 and f?
2
Suppose b = 7 - 14 + 9. Suppose 102 + 43 = w. Let h = w - b. What is the greatest common factor of h and 13?
13
Suppose -21*u + 170*u - 17731 = 0. Calculate the highest common divisor of u and 1241.
17
Let y = -8786 + 8811. Calculate the greatest common factor of 40 and y.
5
Let q(n) = 5*n - 2. Let u be q(7). Let b = -157 + 145. Let v = u + b. What is the greatest common divisor of 7 and v?
7
Let b(z) = -z**3 + 4*z**2 + 8*z - 1. Suppose 0 = 3*g + 3, -g - 1 = 2*h + 20. Let o = -5 - h. Let l be b(o). Calculate the greatest common divisor of l and 7.
7
Suppose 48*r + 53*r = 5*r + 58272. Calculate the greatest common divisor of 1 and r.
1
Let m(t) be the third derivative of t**6/120 - 2*t**5/15 - t**4/24 + 11*t**3/3 - 38*t**2. Let d be m(8). What is the greatest common divisor of d and 7?
7
Let g(n) = -2*n**2 + 13*n + 36. Let r be g(8). Suppose r*u = -10*u + 660. Calculate the highest common divisor of u and 72.
6
Let o(m) = -m**2 + 16. Let s be o(-4). Suppose -3*d + 0*d + 4*a = -203, s = 3*d + 5*a - 239. What is the greatest common divisor of d and 73?
73
Let r(i) = 5*i + 3. Let b(x) = -4*x - 3. Let c(z) = 3*b(z) + 2*r(z). Let s be c(-3). Let a be 20/(-15)*-14*s. What is the greatest common divisor of 28 and a?
28
Suppose 2*a + 5*m + 1000 = 1003, -11 = -3*a - m. What is the greatest common divisor of 153 and a?
1
Let v be 1/((13 + -6 - -4) + -10). Calculate the highest common factor of v and 463.
1
Suppose 6*i + 1085 = i. Let u be (-2)/(-6) - 2/(-6)*i. Let a = u + 94. What is the greatest common factor of 2 and a?
2
Let j be (-1)/((-2)/194)*1. Let w = 3698 - 3645. Let c = j - w. Calculate the highest common factor of c and 22.
22
Suppose 0 = w + 2000 - 2076. What is the highest common factor of 342 and w?
38
Let b = -182 + 192. Let u(y) = -4*y**3 + y**2 + 3*y. Let l be u(3). Let f = l + 190. Calculate the greatest common divisor of f and b.
10
Let k be 2 + (8/(-14))/((-21)/1029). Let p(y) = 2*y - 2*y + 2 + 2*y. Let a be p(5). Calculate the greatest common factor of a and k.
6
Suppose -24*y = 1651 - 10411. What is the greatest common divisor of y and 20?
5
Let u = -22550 - -23000. Calculate the highest common factor of 330 and u.
30
Suppose -2*u - 16 - 26 = 0. Let r be 0 + ((-4)/6 - 266/u). What is the highest common factor of r and 3?
3
Suppose -4*u = -5*h - 70 - 167, 4*u = 2*h + 234. Let g = 68 - u. Let q be (-2*g - -2)*-3. What is the highest common divisor of 6 and q?
6
Suppose -90*y + 4*s + 132 = -87*y, 5*s - 88 = -2*y. Let j be -132*(10/(-12) + 7/21). Calculate the highest common divisor of y and j.
22
Suppose -10 = 5*c + 5*j, -13*j - 10 = 2*c - 9*j. Let u be (180/(-24) + -2*c)*-4. What is the greatest common factor of 133 and u?
19
Suppose -185*m + 19 = -184*m + 5*i, 32 = 5*m + 4*i. Suppose 15 = 5*u - 5*s, 2 = -3*u - 4*s - 3. What is the highest common divisor of u and m?
1
Suppose 80 - 4 = j. Suppose -b = -3, 5*y - 162 = 4*b + j. Suppose 2*k + y = 86. What is the greatest common factor of 4 and k?
2
Let v be -88 - -1 - (29 + -28). Let b be (-1060)/(-22) + 16/v. Calculate the highest common factor of 36 and b.
12
Let r be (-23)/115 + (1 - (-6)/5). Let c be -2*87/r*4/3. Let t = c - -132. Calculate the greatest common divisor of t and 112.
16
Let z(x) = 35*x + 3073. Let c be z(-87). Suppose -5*s = -10 - 15. Suppose 2*k + 5*w + 8 = k, -s*k + w = -38. Calculate the greatest common divisor of k and c.
7
Let o(g) = g**2 + 3*g + 4. Let s be o(-5). Let c = s - 18. Let p be (-2)/c - (-136)/16. Calculate the greatest common factor of p and 6.
3
Suppose -3*x = -2*k - 28, 0 = -13*x + 12*x + 2*k + 16. Let i be (-115)/69 + 220/x. Let r = 24 + -10. Calculate the greatest common factor of r and i.
7
Let x = 5372 - 2597. Suppose 339 = -12*l + x. What is the highest common factor of l and 7?
7
Let o = 44 - -366. Suppose 27*w - o = 103. Calculate the greatest common divisor of 38 and w.
19
Let s(b) = 6*b**2 + b + 2. Let g be s(-2). Suppose -92*n + 8576 = -30*n + 72*n. Calculate the greatest common divisor of n and g.
8
Suppose 3*a - 237 = -174. Let p = 71 - a. Suppose -2*g = -4*c - 0*g + 508, 3*c = -2*g + 367. Calculate the highest common divisor of p and c.
25
Let v be (3/(-4))/(5/((-520)/6)). Calculate the greatest common divisor of 3237 and v.
13
Let s(t) = 782*t + 10779. Let f be s(-12). Calculate the highest common divisor of f and 90.
45
Let q = -3610 - -3955. Calculate the highest common factor of q and 4209.
69
Let k be (17/3)/((-1030678)/206184 - 5/(-1)). What is the highest common factor of k and 68?
68
Suppose 2*u - 27 = u. Suppose -3*k - 2*k + 485 = 0. Let j = k + -88. What is the greatest common factor of u and j?
9
Let f(x) = 9*x + 4. Let g(w) = 19*w + 7. Let o be (-3)/(-4 + 6 + -1). Let h(b) = o*g(b) + 7*f(b). Let s be h(3). Calculate the highest common factor of s and 5.
5
Suppose -3*f + 24 = 5*t, 3*t = 4*f - 2*f + 22. Let r(i) = -8*i + 2. Let z be r(1). Let y be z/7*(-4 - 3). Calculate the greatest common divisor of t and y.
6
Let k be (20/(-6))/(4/(-120)). Suppose 25*d = 1475 + k. Calculate the highest common divisor of d and 504.
63
Let a(m) be the third derivative of m**4/12 + 14*m**3/3 + 3*m**2 + 38. Let c be a(3). Suppose -19 + 121 = 2*b. Calculate the greatest common factor of b and c.
17
Suppose -138 = -i - o - 33, 5*o - 315 = -3*i. Let h = -173 + 99. Let v be 1/(h/15 - -5). What is the greatest common factor of i and v?
15
Let t(x) = 11*x**2 - 77*x - 908. Let h be t(-9). Calculate the highest common factor of h and 4901.
169
Let o(a) = 101*a + 575. Let h be o(-3). What is the highest common factor of 160 and h?
16
Let a(x) = 21 - 40 + 13 + x. Let j be a(11). Suppose -j*i - 3 = -23. Calculate the greatest common divisor of 12 and i.
4
Suppose 8 = 2*v + 4, 4*v = 2*i - 26. What is the highest common factor of 3349 and i?
17
Suppose 2*d - 5*b - 422 = -3*b, 2*d = b + 430. Calculate the highest common factor of 16425 and d.
219
Suppose -81*w + 92*w - 22 = 0. Suppose w*d + 103 = 2*n - 17, -5*n = -3*d - 306. Calculate the highest common factor of n and 9.
9
Let h(o) = 7*o**2 - 2*o + 3. Let t be h(5). Suppose 5*d - 183740 = -183725. Calculate the highest common divisor of d and t.
3
Suppose 13*s = 5*s. Let d be (-28 - 203)*((-2)/6 + s). Calculate the greatest common factor of d and 66.
11
Suppose 1 = a, 0 = -5*b - 17*a + 20*a - 8. Let g be (20/4)/b*(9 + -18). What is the greatest common divisor of 75 and g?
15
Let n(b) be the second derivative of -7*b**3/6 - 21*b**2/2 - 18*b. Let r be n(-9). Calculate the highest common divisor of r and 70.
14
Suppose -19*c + 147 + 81 = 0. Suppose -3*y - 1286 = -2*u, 7*u = c*u + y - 3198. Calculate the greatest common divisor of 80 and u.
80
Suppose 240*z + 2618 - 10282 = -239*z. Let q = -9 + 15. What is the greatest common divisor of q and z?
2
Let b(g) = g**3 - g**2 - 15*g + 55. Let m be b(3). What is the greatest common factor of 208 and m?
4
Suppose 4*r = -5*s + 70, -10 - 13 = -r - 4*s. Suppose 25 = r*j - 10*j. Suppose 0 = 15*i - j*i - 1190. Calculate the greatest common divisor of 17 and i.
17
Let a = 440 + -166. Suppose 55*l = 53*l + a. Suppose 0 = 10*d - 3 - l. Calculate the highest common divisor of d and 126.
14
Let b be 20 - (8 + 0 - 6). Calculate the greatest common factor of 4014 and b.
18
Suppose 4 = -5*f + 2*b, -3*f = 2*b + 2*b - 8. Suppose f = s - 5*j - 17 - 66, 3*j = -3*s + 231. What is the greatest common factor of s and 39?
39
Suppose -7*r + 66 = -6*r. Let u be (-1 + -2 - 1)/((-11)/((-99)/(-6))). What is the greatest common factor of u and r?
6
Let s(o) = -o + 3. Let a be s(-3). Let u be 96*(3 - (6 + -5)). Calculate the greatest common factor of u and a.
6
Let l = -11 - -18. Let s(j) = 2*j + 102. Let w(f) = -f**3 + 8*f**2 - 7*f + 19. Let q be w(8). Let z be s(q). What is the highest common factor of l and z?
7
Suppose -4*w = -0*w + k + 262, -k - 67 = w. Let i = w + 90. Calculate the highest common factor of 200 and i.
25
Suppose 6*t + 61 = -5. Let h be 6 + -2 + (-14 - t). Calculate the greatest common divisor of 4 and h.
1
Let n = -13 + 27. Let d = -486 + 469. Let z be (-8)/(-28) + d/(595/(-8320)). What is the greatest common divisor of n and z?
14
Let l(f) =